{"id":30677,"date":"2026-06-09T15:06:50","date_gmt":"2026-06-09T15:06:50","guid":{"rendered":"https:\/\/avila.zyrgon.dev\/events\/community-lunch-skill-share-talk-india-2\/"},"modified":"2026-06-15T12:04:11","modified_gmt":"2026-06-15T12:04:11","slug":"community-lunch-skill-share-talk-india","status":"publish","type":"avila_event","link":"https:\/\/avila.zyrgon.dev\/pt\/eventos\/community-lunch-skill-share-talk-india\/","title":{"rendered":"COMMUNITY LUNCH + SKILL SHARE TALK (INDIA)"},"content":{"rendered":"<p>Este m\u00eas o tema escolhido para o almo\u00e7o foi gastronomia Indiana e, da nossa parte, podem contar com uma maravilhosa refei\u00e7\u00e3o de produtos t\u00edpicos.<\/p>\n<p>Antes do almo\u00e7o, como j\u00e1 \u00e9 habitual, temos a nossa Skill Share Talk com um membro da comunidade Avila Spaces. A oradora fala sobre uma empresa ou sobre t\u00f3picos atuais que possam ser um contributo para o resto da comunidade.<\/p>\n<p>Como muitos de voc\u00eas j\u00e1 sabem, o Community Lunch \u00e9 sempre um excelente evento para conhecer melhor outros membros capaz de criar momentos de networking muito din\u00e2micos. Vemo-nos l\u00e1?<\/p>\n","protected":false},"featured_media":30625,"template":"","avila_organiser":[],"event_type":[242],"class_list":["post-30677","avila_event","type-avila_event","status-publish","has-post-thumbnail","hentry","event_type-avila-book-club"],"acf":[],"_links":{"self":[{"href":"https:\/\/avila.zyrgon.dev\/pt\/wp-json\/wp\/v2\/avila_event\/30677","targetHints":{"allow":["GET"]}}],"collection":[{"href":"https:\/\/avila.zyrgon.dev\/pt\/wp-json\/wp\/v2\/avila_event"}],"about":[{"href":"https:\/\/avila.zyrgon.dev\/pt\/wp-json\/wp\/v2\/types\/avila_event"}],"wp:featuredmedia":[{"embeddable":true,"href":"https:\/\/avila.zyrgon.dev\/pt\/wp-json\/wp\/v2\/media\/30625"}],"wp:attachment":[{"href":"https:\/\/avila.zyrgon.dev\/pt\/wp-json\/wp\/v2\/media?parent=30677"}],"wp:term":[{"taxonomy":"avila_organiser","embeddable":true,"href":"https:\/\/avila.zyrgon.dev\/pt\/wp-json\/wp\/v2\/avila_organiser?post=30677"},{"taxonomy":"event_type","embeddable":true,"href":"https:\/\/avila.zyrgon.dev\/pt\/wp-json\/wp\/v2\/event_type?post=30677"}],"curies":[{"name":"wp","href":"https:\/\/api.w.org\/{rel}","templated":true}]}}

<p>Este mês o tema escolhido para o almoço foi gastronomia Indiana e, da nossa parte, podem contar com uma maravilhosa refeição de produtos típicos.</p>
<p>Antes do almoço, como já é habitual, temos a nossa Skill Share Talk com um membro da comunidade Avila Spaces. A oradora fala sobre uma empresa ou sobre tópicos atuais que possam ser um contributo para o resto da comunidade.</p>
<p>Como muitos de vocês já sabem, o Community Lunch é sempre um excelente evento para conhecer melhor outros membros capaz de criar momentos de networking muito dinâmicos. Vemo-nos lá?</p>
