{"id":30678,"date":"2026-06-09T15:06:49","date_gmt":"2026-06-09T15:06:49","guid":{"rendered":"https:\/\/avila.zyrgon.dev\/events\/this-is-my-fado-avila-fado-session-2\/"},"modified":"2026-06-15T12:04:11","modified_gmt":"2026-06-15T12:04:11","slug":"this-is-my-fado-avila-fado-session","status":"publish","type":"avila_event","link":"https:\/\/avila.zyrgon.dev\/pt\/eventos\/this-is-my-fado-avila-fado-session\/","title":{"rendered":"THIS IS MY FADO | Avila Fado Session"},"content":{"rendered":"<p>Vamos ter mais uma sess\u00e3o do &#8220;This is my Fado&#8221; com a nossa Fiona Disegn, dois guitarristas e com aquele sotaque \u00fanico a que j\u00e1 estamos habituados. Junte-se a n\u00f3s no Avila- Atrium Saldanha para uma tarde de m\u00fasica e networking e desfrute dos nossos petiscos tipicamente portugueses assim como um bom vinho.<\/p>\n<p>O valor por pessoa \u00e9 de 7\u20ac (IVA inclu\u00eddo) e o pagamento pode ser feito por transfer\u00eancia banc\u00e1ria ou na rece\u00e7\u00e3o do Avila. As inscri\u00e7\u00f5es devem ser feitas at\u00e9 21 de novembro. Contamos consigo?<\/p>\n","protected":false},"featured_media":30621,"template":"","avila_organiser":[],"event_type":[242],"class_list":["post-30678","avila_event","type-avila_event","status-publish","has-post-thumbnail","hentry","event_type-avila-book-club"],"acf":[],"_links":{"self":[{"href":"https:\/\/avila.zyrgon.dev\/pt\/wp-json\/wp\/v2\/avila_event\/30678","targetHints":{"allow":["GET"]}}],"collection":[{"href":"https:\/\/avila.zyrgon.dev\/pt\/wp-json\/wp\/v2\/avila_event"}],"about":[{"href":"https:\/\/avila.zyrgon.dev\/pt\/wp-json\/wp\/v2\/types\/avila_event"}],"wp:featuredmedia":[{"embeddable":true,"href":"https:\/\/avila.zyrgon.dev\/pt\/wp-json\/wp\/v2\/media\/30621"}],"wp:attachment":[{"href":"https:\/\/avila.zyrgon.dev\/pt\/wp-json\/wp\/v2\/media?parent=30678"}],"wp:term":[{"taxonomy":"avila_organiser","embeddable":true,"href":"https:\/\/avila.zyrgon.dev\/pt\/wp-json\/wp\/v2\/avila_organiser?post=30678"},{"taxonomy":"event_type","embeddable":true,"href":"https:\/\/avila.zyrgon.dev\/pt\/wp-json\/wp\/v2\/event_type?post=30678"}],"curies":[{"name":"wp","href":"https:\/\/api.w.org\/{rel}","templated":true}]}}

<p>Vamos ter mais uma sessão do &#8220;This is my Fado&#8221; com a nossa Fiona Disegn, dois guitarristas e com aquele sotaque único a que já estamos habituados. Junte-se a nós no Avila- Atrium Saldanha para uma tarde de música e networking e desfrute dos nossos petiscos tipicamente portugueses assim como um bom vinho.</p>
<p>O valor por pessoa é de 7€ (IVA incluído) e o pagamento pode ser feito por transferência bancária ou na receção do Avila. As inscrições devem ser feitas até 21 de novembro. Contamos consigo?</p>
