{"id":31004,"date":"2026-08-14T16:18:03","date_gmt":"2026-08-14T15:18:03","guid":{"rendered":"https:\/\/avila.zyrgon.dev\/events\/avila-running-3\/"},"modified":"2026-08-14T16:33:03","modified_gmt":"2026-08-14T15:33:03","slug":"avila-running-3","status":"publish","type":"avila_event","link":"https:\/\/avila.zyrgon.dev\/pt\/eventos\/avila-running-3\/","title":{"rendered":"Avila Running"},"content":{"rendered":"<p>Avila Running come\u00e7a \u00e0s 18h no Avila Spaces Parque das Na\u00e7\u00f5es<\/p>\n","protected":false},"featured_media":21247,"template":"","avila_organiser":[],"event_type":[245],"class_list":["post-31004","avila_event","type-avila_event","status-publish","has-post-thumbnail","hentry","event_type-avila-sports-club"],"acf":[],"_links":{"self":[{"href":"https:\/\/avila.zyrgon.dev\/pt\/wp-json\/wp\/v2\/avila_event\/31004","targetHints":{"allow":["GET"]}}],"collection":[{"href":"https:\/\/avila.zyrgon.dev\/pt\/wp-json\/wp\/v2\/avila_event"}],"about":[{"href":"https:\/\/avila.zyrgon.dev\/pt\/wp-json\/wp\/v2\/types\/avila_event"}],"wp:featuredmedia":[{"embeddable":true,"href":"https:\/\/avila.zyrgon.dev\/pt\/wp-json\/wp\/v2\/media\/21247"}],"wp:attachment":[{"href":"https:\/\/avila.zyrgon.dev\/pt\/wp-json\/wp\/v2\/media?parent=31004"}],"wp:term":[{"taxonomy":"avila_organiser","embeddable":true,"href":"https:\/\/avila.zyrgon.dev\/pt\/wp-json\/wp\/v2\/avila_organiser?post=31004"},{"taxonomy":"event_type","embeddable":true,"href":"https:\/\/avila.zyrgon.dev\/pt\/wp-json\/wp\/v2\/event_type?post=31004"}],"curies":[{"name":"wp","href":"https:\/\/api.w.org\/{rel}","templated":true}]}}

<p>Avila Running começa às 18h no Avila Spaces Parque das Nações</p>
